actors of 940?
2, 5, 47
List the prime factors of 96209.
23, 47, 89
What are the prime factors of 296?
2, 37
List the prime factors of 1249.
1249
List the prime factors of 4386.
2, 3, 17, 43
What are the prime factors of 74?
2, 37
List the prime factors of 65.
5, 13
What are the prime factors of 2343?
3, 11, 71
What are the prime factors of 121?
11
List the prime factors of 7340.
2, 5, 367
What are the prime factors of 119046?
2, 3, 19841
List the prime factors of 22257.
3, 2473
What are the prime factors of 8295?
3, 5, 7, 79
What are the prime factors of 1786?
2, 19, 47
List the prime factors of 97529.
17, 5737
List the prime factors of 33351.
3, 11117
What are the prime factors of 61907?
31, 1997
List the prime factors of 2588.
2, 647
List the prime factors of 651.
3, 7, 31
List the prime factors of 24535.
5, 7, 701
List the prime factors of 4351.
19, 229
What are the prime factors of 13466?
2, 6733
List the prime factors of 1158.
2, 3, 193
List the prime factors of 2024.
2, 11, 23
List the prime factors of 9787.
9787
What are the prime factors of 38261?
38261
List the prime factors of 11301.
3, 3767
What are the prime factors of 1217?
1217
List the prime factors of 16927.
16927
What are the prime factors of 4918?
2, 2459
List the prime factors of 2206.
2, 1103
What are the prime factors of 42813?
3, 67, 71
List the prime factors of 24146.
2, 12073
List the prime factors of 28001.
28001
List the prime factors of 31799.
31799
What are the prime factors of 639?
3, 71
List the prime factors of 54146.
2, 27073
List the prime factors of 9265.
5, 17, 109
List the prime factors of 80386.
2, 40193
List the prime factors of 68.
2, 17
List the prime factors of 9573.
3, 3191
What are the prime factors of 7448?
2, 7, 19
List the prime factors of 1651.
13, 127
List the prime factors of 388.
2, 97
What are the prime factors of 2458?
2, 1229
List the prime factors of 151016.
2, 43, 439
List the prime factors of 18913.
18913
List the prime factors of 3243.
3, 23, 47
What are the prime factors of 28201?
28201
List the prime factors of 129298.
2, 13, 4973
What are the prime factors of 56?
2, 7
List the prime factors of 1772.
2, 443
List the prime factors of 1924.
2, 13, 37
What are the prime factors of 8664?
2, 3, 19
What are the prime factors of 19530?
2, 3, 5, 7, 31
What are the prime factors of 2747?
41, 67
What are the prime factors of 6434?
2, 3217
List the prime factors of 133591.
103, 1297
List the prime factors of 86107.
7, 12301
List the prime factors of 74181.
3, 79, 313
What are the prime factors of 1429?
1429
What are the prime factors of 61042?
2, 23, 1327
List the prime factors of 9.
3
List the prime factors of 89.
89
What are the prime factors of 1227?
3, 409
List the prime factors of 4857.
3, 1619
List the prime factors of 33660.
2, 3, 5, 11, 17
What are the prime factors of 1198?
2, 599
List the prime factors of 3930.
2, 3, 5, 131
List the prime factors of 33046.
2, 13, 31, 41
List the prime factors of 16.
2
List the prime factors of 114771.
3, 67, 571
List the prime factors of 16902.
2, 3, 313
What are the prime factors of 60800?
2, 5, 19
List the prime factors of 71244.
2, 3, 1979
What are the prime factors of 1836?
2, 3, 17
What are the prime factors of 37264?
2, 17, 137
What are the prime factors of 4545?
3, 5, 101
List the prime factors of 64842.
2, 3, 101, 107
What are the prime factors of 77804?
2, 53, 367
What are the prime factors of 367?
367
List the prime factors of 14084.
2, 7, 503
What are the prime factors of 1425?
3, 5, 19
What are the prime factors of 19558?
2, 7, 11, 127
What are the prime factors of 1127?
7, 23
List the prime factors of 5130.
2, 3, 5, 19
List the prime factors of 18211.
18211
List the prime factors of 12637.
12637
What are the prime factors of 8100?
2, 3, 5
What are the prime factors of 4938?
2, 3, 823
What are the prime factors of 12784?
2, 17, 47
What are the prime factors of 15308?
2, 43, 89
List the prime factors of 12815.
5, 11, 233
List the prime factors of 873.
3, 97
What are the prime factors of 2514?
2, 3, 419
List the prime factors of 7651.
7, 1093
List the prime factors of 49353.
3, 16451
What are the prime factors of 14989?
13, 1153
List the prime factors of 210.
2, 3, 5, 7
What are the prime factors of 803?
11, 73
What are the prime factors of 17902?
2, 8951
What are the prime factors of 489?
3, 163
List the prime factors of 128.
2
What are the prime factors of 8829?
3, 109
What are the prime factors of 101210?
2, 5, 29, 349
What are the prime factors of 2895?
3, 5, 193
List the prime factors of 19901.
7, 2843
What are the prime factors of 13163?
13163
What are the prime factors of 685?
5, 137
What are the prime factors of 50281?
7, 11, 653
What are the prime factors of 1916?
2, 479
List the prime factors of 2145.
3, 5, 11, 13
What are the prime factors of 4759?
4759
List the prime factors of 171988.
2, 19, 31, 73
List the prime factors of 969.
3, 17, 19
What are the prime factors of 2190?
2, 3, 5, 73
What are the prime factors of 9403?
9403
List the prime factors of 3710.
2, 5, 7, 53
What are the prime factors of 1002?
2, 3, 167
What are the prime factors of 3349?
17, 197
What are the prime factors of 450?
2, 3, 5
List the prime factors of 17885.
5, 7, 73
List the prime factors of 841.
29
What are the prime factors of 1609?
1609
List the prime factors of 11541.
3, 3847
What are the prime factors of 43999?
23, 1913
List the prime factors of 3126.
2, 3, 521
List the prime factors of 1764.
2, 3, 7
List the prime factors of 10685.
5, 2137
List the prime factors of 45613.
45613
What are the prime factors of 1188?
2, 3, 11
List the prime factors of 18403.
7, 11, 239
What are the prime factors of 8114?
2, 4057
What are the prime factors of 53098?
2, 139, 191
What are the prime factors of 1295?
5, 7, 37
List the prime factors of 2143.
2143
What are the prime factors of 887?
887
List the prime factors of 2432.
2, 19
List the prime factors of 6197.
6197
What are the prime factors of 7?
7
List the prime factors of 1166.
2, 11, 53
What are the prime factors of 1291?
1291
What are the prime factors of 8834?
2, 7, 631
List the prime factors of 21718.
2, 10859
List the prime factors of 123680.
2, 5, 773
List the prime factors of 2062.
2, 1031
What are the prime factors of 10310?
2, 5, 1031
List the prime factors of 682.
2, 11, 31
What are the prime factors of 98427?
3, 7, 43, 109
List the prime factors of 2588.
2, 647
List the prime factors of 189420.
2, 3, 5, 7, 11, 41
List the prime factors of 80589.
3, 26863
What are the prime factors of 524?
2, 131
What are the prime factors of 12524?
2, 31, 101
What are the prime factors of 88850?
2, 5, 1777
What are the prime factors of 2264?
2, 283
What are the prime factors of 3041?
3041
List the prime factors of 788.
2, 197
List the prime factors of 1104.
2, 3, 23
What are the prime factors of 17684?
2, 4421
What are the prime factors of 676?
2, 13
List the prime factors of 4312.
2, 7, 11
List the prime factors of 1000.
2, 5
List the prime factors of 11947.
13, 919
What are the prime factors of 16647?
3, 31, 179
List the prime factors of 9.
3
What are the prime factors of 1460?
2, 5, 73
List the prime factors of 63680.
2, 5, 199
List the prime factors of 24749.
24749
What are the prime factors of 29867?
29867
What are the prime factors of 120147?
3, 29, 1381
List the prime factors of 30051.
3, 7, 53
List the prime factors of 752.
2, 47
What are the prime factors of 22182?
2, 3, 3697
What are the prime factors of 59?
59
What are the prime factors of 2001?
3, 23, 29
List the prime factors of 5170.
2, 5, 11, 47
List the prime factors of 44789.
44789
What are the prime factors of 2520?
2, 3, 5, 7
List the prime factors of 60.
2, 3, 5
List the prime factors of 102.
2, 3, 17
What are the prime factors of 60328?
2, 7541
What are the prime factors of 3500?
2, 5, 7
What are the prime factors of 1960?
2, 5, 7
What are the prime factors of 1505?
5, 7, 43
List the prime factors of 2779.
7, 397
List the prime factors of 2308.
2, 577
What are the prime factors of 136199?
7, 19457
What are the prime factors of 3153?
3, 1051
What are the prime factors of 37276?
2, 9319
What are the prime factors of 1040?
2, 5, 13
List the prime factors of 17584.
2, 7, 157
List the prime factors